
List the prime factors of 1741647120.
2, 3, 5, 1847, 3929
What are the prime factors of 100325459?
13, 7717343
List the prime factors of 2745207099.
3, 463, 219599
List the prime factors of 10421380.
2, 5, 41, 71, 179
What are the prime factors of 1639302266?
2, 7, 67, 409, 4273
List the prime factors of 222226482.
2, 3, 17, 2178691
What are the prime factors of 157748455?
5, 31549691
What are the prime factors of 289942783?
13, 29, 31, 24809
List the prime factors of 101794160.
2, 5, 13, 97879
What are the prime factors of 34481877?
3, 2281, 5039
What are the prime factors of 70786412?
2, 17696603
What are the prime factors of 189119727?
3, 21013303
List the prime factors of 68410985.
5, 71, 107, 1801
List the prime factors of 299559027.
3, 43, 2322163
List the prime factors of 134750825.
5, 11, 490003
List the prime factors of 64546523.
827, 78049
List the prime factors of 158735105.
5, 163, 194767
What are the prime factors of 367450333?
577, 636829
List the prime factors of 395069948.
2, 7, 13, 11927
What are the prime factors of 187071451?
7, 17, 1572029
List the prime factors of 42264639.
3, 23, 68059
List the prime factors of 147250575.
3, 5, 218149
What are the prime factors of 158018646?
2, 3, 2141, 12301
What are the prime factors of 130733457?
3, 53, 822223
What are the prime factors of 2272766520?
2, 3, 5, 18939721
List the prime factors of 1109220663.
3, 389, 761, 1249
What are the prime factors of 488638795?
5, 23, 149, 28517
List the prime factors of 6440950.
2, 5, 128819
List the prime factors of 94678445.
5, 47, 73, 5519
What are the prime factors of 9198069138?
2, 3, 19, 67, 401417
What are the prime factors of 92872972?
2, 17, 389, 3511
What are the prime factors of 1078825216?
2, 7, 47, 12809
What are the prime factors of 64047928?
2, 7, 571, 2003
What are the prime factors of 133316414?
2, 7, 11, 17, 50923
List the prime factors of 156297894.
2, 3, 419, 62171
What are the prime factors of 69300628?
2, 137, 126461
List the prime factors of 181879302.
2, 3, 11, 2755747
List the prime factors of 6273161614.
2, 167, 18781921
What are the prime factors of 360529176?
2, 3, 7, 59, 36373
List the prime factors of 14775849.
3, 11, 149251
What are the prime factors of 1390020328?
2, 173752541
What are the prime factors of 117471881?
117471881
List the prime factors of 358209644.
2, 13, 6888647
List the prime factors of 17240715.
3, 5, 127709
What are the prime factors of 3307586213?
29, 643, 177379
List the prime factors of 5637344556.
2, 3, 223, 2106631
What are the prime factors of 123213009?
3, 2137, 19219
What are the prime factors of 45085383?
3, 7, 238547
List the prime factors of 248559508.
2, 593, 104789
List the prime factors of 73245970.
2, 5, 7, 1046371
List the prime factors of 1195647.
3, 398549
What are the prime factors of 4683175667?
4683175667
List the prime factors of 367768165.
5, 73553633
What are the prime factors of 1235672675?
5, 1483, 33329
What are the prime factors of 22839405?
3, 5, 31, 49117
List the prime factors of 56807162.
2, 79, 359539
List the prime factors of 7326585368.
2, 915823171
What are the prime factors of 276072075?
3, 5, 653, 1879
What are the prime factors of 84809455?
5, 16961891
List the prime factors of 210716754.
2, 3, 23, 1526933
List the prime factors of 66569837.
1069, 62273
What are the prime factors of 3939849948?
2, 3, 1237, 265417
What are the prime factors of 286025632?
2, 8938301
What are the prime factors of 1069002924?
2, 3, 11, 23, 352109
List the prime factors of 3935442648.
2, 3, 163976777
What are the prime factors of 345274338?
2, 3, 6389, 9007
What are the prime factors of 136579078?
2, 4483, 15233
List the prime factors of 1254881066.
2, 627440533
What are the prime factors of 809694959?
11329, 71471
List the prime factors of 110093534.
2, 89, 569, 1087
What are the prime factors of 405211741?
11, 36837431
What are the prime factors of 5201311?
5201311
What are the prime factors of 265086913?
7, 13, 416149
What are the prime factors of 159580298?
2, 79790149
What are the prime factors of 181280689?
127, 1427407
List the prime factors of 510985024.
2, 11, 109, 6659
What are the prime factors of 544002290?
2, 5, 13, 4184633
What are the prime factors of 729503961?
3, 29, 8385103
What are the prime factors of 35131843?
17, 2066579
What are the prime factors of 1570763123?
3929, 399787
List the prime factors of 322207721.
11, 29291611
What are the prime factors of 129702996?
2, 3, 17, 211933
List the prime factors of 713878692.
2, 3, 23, 2586517
List the prime factors of 86983988.
2, 7, 13, 238967
List the prime factors of 2151886164.
2, 3, 23, 47, 165887
List the prime factors of 29287952.
2, 1231, 1487
List the prime factors of 1496673291.
3, 619, 877, 919
List the prime factors of 15530454.
2, 3, 37, 2591
What are the prime factors of 128917423?
1663, 77521
List the prime factors of 1020501173.
197, 229, 22621
What are the prime factors of 154830267?
3, 47, 366029
What are the prime factors of 151342424?
2, 1493, 12671
List the prime factors of 205663836.
2, 3, 7, 2448379
List the prime factors of 504015013.
71, 593, 11971
What are the prime factors of 22402146?
2, 3, 13, 53, 5419
List the prime factors of 869921.
13, 61, 1097
List the prime factors of 444036054.
2, 3, 7, 11, 961117
List the prime factors of 380578475.
5, 31, 311, 1579
What are the prime factors of 76165091?
19, 4008689
List the prime factors of 2834499422.
2, 1417249711
List the prime factors of 2058115256.
2, 23, 11185409
What are the prime factors of 34213270?
2, 5, 7, 13, 41, 131
List the prime factors of 266716085.
5, 73, 163, 4483
List the prime factors of 106891637.
73, 1464269
List the prime factors of 5241337616.
2, 327583601
List the prime factors of 48626524.
2, 12156631
List the prime factors of 4729953810.
2, 3, 5, 991, 159097
What are the prime factors of 2470954915?
5, 11, 13
List the prime factors of 435788564.
2, 463, 235307
What are the prime factors of 133280509?
101, 1319609
What are the prime factors of 1846209640?
2, 5, 11, 409, 10259
List the prime factors of 4451531587.
4451531587
List the prime factors of 187633400.
2, 5, 47, 19961
What are the prime factors of 149527824?
2, 3, 683, 4561
What are the prime factors of 13225991?
53, 257, 971
List the prime factors of 5685310694.
2, 7, 1193, 340397
List the prime factors of 1807141753.
37, 1129, 43261
What are the prime factors of 48298768?
2, 7, 17, 25367
What are the prime factors of 275998229?
13, 23, 71, 13001
What are the prime factors of 2196381737?
11, 199671067
List the prime factors of 38456741.
19, 277, 7307
List the prime factors of 401595422.
2, 29, 6924059
List the prime factors of 3968584531.
19709, 201359
List the prime factors of 905489448.
2, 3, 37728727
List the prime factors of 1519069.
17, 19, 4703
What are the prime factors of 353089158?
2, 3, 59, 997427
List the prime factors of 173419124.
2, 43354781
List the prime factors of 22250557.
7, 83, 5471
List the prime factors of 17278466.
2, 41, 210713
List the prime factors of 125237997.
3, 17, 73, 11213
What are the prime factors of 517256147?
67, 7720241
List the prime factors of 206828979.
3, 7, 61, 161459
What are the prime factors of 117596702?
2, 31, 1896721
List the prime factors of 170264977.
1621, 105037
What are the prime factors of 3566631588?
2, 3, 13, 19, 631, 1907
List the prime factors of 93495991.
73, 1280767
What are the prime factors of 409528072?
2, 137, 373657
What are the prime factors of 2377065136?
2, 8317, 17863
What are the prime factors of 1348798336?
2, 10537487
What are the prime factors of 406923982?
2, 503, 404497
List the prime factors of 189630653.
23, 8244811
List the prime factors of 644661500.
2, 5, 7, 184189
What are the prime factors of 29131340?
2, 5, 7, 23, 83, 109
What are the prime factors of 28023833?
397, 70589
List the prime factors of 12211962.
2, 3, 7, 290761
List the prime factors of 331622270.
2, 5, 7, 4737461
What are the prime factors of 1023589?
7, 31, 53, 89
What are the prime factors of 22254202?
2, 23, 483787
List the prime factors of 50890296.
2, 3, 2120429
What are the prime factors of 76936567?
19, 4049293
List the prime factors of 201085143.
3, 7, 73, 131171
List the prime factors of 2141304363.
3, 